{"id":531,"date":"2025-11-12T16:32:08","date_gmt":"2025-11-12T16:32:08","guid":{"rendered":"https:\/\/edmond2025.fr\/?post_type=product&#038;p=531"},"modified":"2025-11-12T16:36:47","modified_gmt":"2025-11-12T16:36:47","slug":"bodywarmer-homme-interieur-sherpa","status":"publish","type":"product","link":"https:\/\/edmond2025.fr\/?product=bodywarmer-homme-interieur-sherpa","title":{"rendered":"Bodywarmer Homme int\u00e9rieur Sherpa"},"content":{"rendered":"<p>Doudoune sans manches \u00e0 doublure Sherpa en polaire bross\u00e9e. Coupe ajust\u00e9e. Col montant. Ext\u00e9rieur en polyester 50D. Doublure int\u00e9rieure 100% polyester en polaire bross\u00e9e.<\/p>\n<p>Grammage de la Sherpa : 360g\/m\u00b2. 2 poches mains zipp\u00e9es sous rabat. Zip central nylon avec tirette. 2 poches plaqu\u00e9es int\u00e9rieures Disponible sur stock et livr\u00e9 sous 24\/48h sans personnalisation, coloris disponibles : Noir, Marine, Gris dans les tailles XS, S, M, L, XL, 2XL, 3XL, 4XL Personnalisations possibles : Broderie &#8211; Serigraphie &#8211; Transfert num\u00e9rique<\/p>\n","protected":false},"excerpt":{"rendered":"<p>Doudoune sans manches \u00e0 doublure Sherpa en polaire bross\u00e9e.<\/p>\n","protected":false},"featured_media":537,"comment_status":"open","ping_status":"closed","template":"","meta":[],"product_brand":[],"product_cat":[15],"product_tag":[],"class_list":{"0":"post-531","1":"product","2":"type-product","3":"status-publish","4":"has-post-thumbnail","6":"product_cat-uncategorized","8":"first","9":"instock","10":"sale","11":"taxable","12":"shipping-taxable","13":"purchasable","14":"product-type-simple"},"jetpack_sharing_enabled":true,"_links":{"self":[{"href":"https:\/\/edmond2025.fr\/index.php?rest_route=\/wp\/v2\/product\/531","targetHints":{"allow":["GET"]}}],"collection":[{"href":"https:\/\/edmond2025.fr\/index.php?rest_route=\/wp\/v2\/product"}],"about":[{"href":"https:\/\/edmond2025.fr\/index.php?rest_route=\/wp\/v2\/types\/product"}],"replies":[{"embeddable":true,"href":"https:\/\/edmond2025.fr\/index.php?rest_route=%2Fwp%2Fv2%2Fcomments&post=531"}],"wp:featuredmedia":[{"embeddable":true,"href":"https:\/\/edmond2025.fr\/index.php?rest_route=\/wp\/v2\/media\/537"}],"wp:attachment":[{"href":"https:\/\/edmond2025.fr\/index.php?rest_route=%2Fwp%2Fv2%2Fmedia&parent=531"}],"wp:term":[{"taxonomy":"product_brand","embeddable":true,"href":"https:\/\/edmond2025.fr\/index.php?rest_route=%2Fwp%2Fv2%2Fproduct_brand&post=531"},{"taxonomy":"product_cat","embeddable":true,"href":"https:\/\/edmond2025.fr\/index.php?rest_route=%2Fwp%2Fv2%2Fproduct_cat&post=531"},{"taxonomy":"product_tag","embeddable":true,"href":"https:\/\/edmond2025.fr\/index.php?rest_route=%2Fwp%2Fv2%2Fproduct_tag&post=531"}],"curies":[{"name":"wp","href":"https:\/\/api.w.org\/{rel}","templated":true}]}}